{"id":42,"date":"2025-05-22T15:03:26","date_gmt":"2025-05-22T15:03:26","guid":{"rendered":"https:\/\/mac-hilfe-basel.ch\/?page_id=42"},"modified":"2025-06-08T09:57:14","modified_gmt":"2025-06-08T09:57:14","slug":"home","status":"publish","type":"page","link":"https:\/\/mac-hilfe-basel.ch\/","title":{"rendered":"Home"},"content":{"rendered":"\t\t<div data-elementor-type=\"wp-page\" data-elementor-id=\"42\" class=\"elementor elementor-42\">\n\t\t\t\t<div class=\"elementor-element elementor-element-7426c920 e-flex e-con-boxed e-con e-parent\" data-id=\"7426c920\" data-element_type=\"container\" data-e-type=\"container\" data-settings=\"{&quot;background_background&quot;:&quot;classic&quot;}\">\n\t\t\t\t\t<div class=\"e-con-inner\">\n\t\t\t\t<div class=\"elementor-element elementor-element-4a0fd027 elementor-widget__width-inherit elementor-widget-mobile__width-inherit elementor-absolute elementor-widget elementor-widget-heading\" data-id=\"4a0fd027\" data-element_type=\"widget\" data-e-type=\"widget\" data-settings=\"{&quot;_position&quot;:&quot;absolute&quot;}\" data-widget_type=\"heading.default\">\n\t\t\t\t<div class=\"elementor-widget-container\">\n\t\t\t\t\t<h1 class=\"elementor-heading-title elementor-size-default\">Mac Hilfe Basel<\/h1>\t\t\t\t<\/div>\n\t\t\t\t<\/div>\n\t\t\t\t<div class=\"elementor-element elementor-element-f740d0e elementor-widget elementor-widget-text-editor\" data-id=\"f740d0e\" data-element_type=\"widget\" data-e-type=\"widget\" data-widget_type=\"text-editor.default\">\n\t\t\t\t<div class=\"elementor-widget-container\">\n\t\t\t\t\t\t\t\t\t<h2 data-start=\"172\" data-end=\"220\">Pers\u00f6nlich. Verst\u00e4ndlich. L\u00f6sungsorientiert.<\/h2><p data-start=\"222\" data-end=\"338\"><span class=\"relative -mx-px my-[-0.2rem] rounded px-px py-[0.2rem] transition-colors duration-100 ease-in-out\">Ob iMac, MacBook, iPhone oder iPad \u2013 ich unterst\u00fctze dich bei allen Fragen rund um deine Apple-Ger\u00e4te.<\/span> <span class=\"relative -mx-px my-[-0.2rem] rounded px-px py-[0.2rem] transition-colors duration-100 ease-in-out\">Als erfahrener Apple-Supporter in Basel biete ich individuelle Hilfe f\u00fcr Privatpersonen, Selbstst\u00e4ndige und kleine Unternehmen.<\/span><\/p>\t\t\t\t\t\t\t\t<\/div>\n\t\t\t\t<\/div>\n\t\t\t\t<div class=\"elementor-element elementor-element-4b7c188d elementor-align-center elementor-widget elementor-widget-button\" data-id=\"4b7c188d\" data-element_type=\"widget\" data-e-type=\"widget\" data-widget_type=\"button.default\">\n\t\t\t\t<div class=\"elementor-widget-container\">\n\t\t\t\t\t\t\t\t\t<div class=\"elementor-button-wrapper\">\n\t\t\t\t\t<a class=\"elementor-button elementor-button-link elementor-size-sm\" href=\"http:\/\/www.itsupport-mit-herz.ch\">\n\t\t\t\t\t\t<span class=\"elementor-button-content-wrapper\">\n\t\t\t\t\t\t\t\t\t<span class=\"elementor-button-text\">Mehr Infos<\/span>\n\t\t\t\t\t<\/span>\n\t\t\t\t\t<\/a>\n\t\t\t\t<\/div>\n\t\t\t\t\t\t\t\t<\/div>\n\t\t\t\t<\/div>\n\t\t\t\t\t<\/div>\n\t\t\t\t<\/div>\n\t\t<div class=\"elementor-element elementor-element-3034535b e-con-full e-flex e-con e-parent\" data-id=\"3034535b\" data-element_type=\"container\" data-e-type=\"container\">\n\t\t<div class=\"elementor-element elementor-element-6a263b30 e-con-full e-flex e-con e-child\" data-id=\"6a263b30\" data-element_type=\"container\" data-e-type=\"container\">\n\t\t\t\t<div class=\"elementor-element elementor-element-39b4cc8f elementor-widget elementor-widget-heading\" data-id=\"39b4cc8f\" data-element_type=\"widget\" data-e-type=\"widget\" data-widget_type=\"heading.default\">\n\t\t\t\t<div class=\"elementor-widget-container\">\n\t\t\t\t\t<h2 class=\"elementor-heading-title elementor-size-default\">Hallo <\/h2>\t\t\t\t<\/div>\n\t\t\t\t<\/div>\n\t\t\t\t<div class=\"elementor-element elementor-element-2ef045f7 elementor-widget elementor-widget-heading\" data-id=\"2ef045f7\" data-element_type=\"widget\" data-e-type=\"widget\" data-widget_type=\"heading.default\">\n\t\t\t\t<div class=\"elementor-widget-container\">\n\t\t\t\t\t<h3 class=\"elementor-heading-title elementor-size-default\"><b>Mein Name ist Silvio<\/b><\/h3>\t\t\t\t<\/div>\n\t\t\t\t<\/div>\n\t\t\t\t<div class=\"elementor-element elementor-element-6cca1cbf elementor-widget elementor-widget-text-editor\" data-id=\"6cca1cbf\" data-element_type=\"widget\" data-e-type=\"widget\" data-widget_type=\"text-editor.default\">\n\t\t\t\t<div class=\"elementor-widget-container\">\n\t\t\t\t\t\t\t\t\t<p class=\"\" data-start=\"152\" data-end=\"470\">Ich bin leidenschaftlicher Apple-Nutzer mit einem Herz f\u00fcr Technik und Menschen. Seit vielen Jahren begleite ich Privatpersonen, Familien und Selbstst\u00e4ndige bei technischen Fragen rund um Mac, iPhone, iPad &amp; Co. \u2013 immer mit Geduld, Klarheit und dem Anspruch, dass Technik den Alltag einfacher machen soll.<\/p><p class=\"\" data-start=\"472\" data-end=\"744\"><strong data-start=\"196\" data-end=\"221\">Was mich auszeichnet?<\/strong> Eine verst\u00e4ndliche Sprache, l\u00f6sungsorientiertes Denken und die F\u00e4higkeit, mich in deine Situation hineinzuf\u00fchlen. Ich h\u00f6re zu, erkl\u00e4re verst\u00e4ndlich \u2013 und finde mit dir gemeinsam die passende L\u00f6sung: sei es bei technischen Problemen, der Einrichtung eines neuen Macs oder wenn du einfach sicherer im Umgang mit deinen Ger\u00e4ten werden m\u00f6chtest.<\/p>\t\t\t\t\t\t\t\t<\/div>\n\t\t\t\t<\/div>\n\t\t\t\t<\/div>\n\t\t<div class=\"elementor-element elementor-element-5b47e6ab e-con-full e-flex e-con e-child\" data-id=\"5b47e6ab\" data-element_type=\"container\" data-e-type=\"container\">\n\t\t\t\t<div class=\"elementor-element elementor-element-3f9683f3 elementor-widget elementor-widget-image\" data-id=\"3f9683f3\" data-element_type=\"widget\" data-e-type=\"widget\" data-widget_type=\"image.default\">\n\t\t\t\t<div class=\"elementor-widget-container\">\n\t\t\t\t\t\t\t\t\t\t\t\t\t\t\t<img fetchpriority=\"high\" decoding=\"async\" width=\"1280\" height=\"1280\" src=\"https:\/\/mac-hilfe-basel.ch\/wp-content\/uploads\/2025\/05\/portrait_silvio-8-Bearbeitet.jpg\" class=\"attachment-full size-full wp-image-71\" alt=\"Silvio Mac Support Basel\" srcset=\"https:\/\/mac-hilfe-basel.ch\/wp-content\/uploads\/2025\/05\/portrait_silvio-8-Bearbeitet.jpg 1280w, https:\/\/mac-hilfe-basel.ch\/wp-content\/uploads\/2025\/05\/portrait_silvio-8-Bearbeitet-300x300.jpg 300w, https:\/\/mac-hilfe-basel.ch\/wp-content\/uploads\/2025\/05\/portrait_silvio-8-Bearbeitet-1024x1024.jpg 1024w, https:\/\/mac-hilfe-basel.ch\/wp-content\/uploads\/2025\/05\/portrait_silvio-8-Bearbeitet-150x150.jpg 150w, https:\/\/mac-hilfe-basel.ch\/wp-content\/uploads\/2025\/05\/portrait_silvio-8-Bearbeitet-768x768.jpg 768w\" sizes=\"(max-width: 1280px) 100vw, 1280px\" \/>\t\t\t\t\t\t\t\t\t\t\t\t\t\t\t<\/div>\n\t\t\t\t<\/div>\n\t\t\t\t<div class=\"elementor-element elementor-element-ffbfe75 elementor-widget elementor-widget-text-editor\" data-id=\"ffbfe75\" data-element_type=\"widget\" data-e-type=\"widget\" data-widget_type=\"text-editor.default\">\n\t\t\t\t<div class=\"elementor-widget-container\">\n\t\t\t\t\t\t\t\t\t<blockquote data-start=\"305\" data-end=\"413\"><p data-start=\"307\" data-end=\"413\"><strong data-start=\"307\" data-end=\"337\">Fragen rund um deinen Mac?<\/strong><br data-start=\"337\" data-end=\"340\" \/>Ich bin gerne f\u00fcr dich da \u2013 melde dich einfach unter<\/p><p data-start=\"307\" data-end=\"413\"><a href=\"tel:0762788881\">\ud83d\udcde <strong data-start=\"396\" data-end=\"413\">076 278 88 81<\/strong><\/a><\/p><\/blockquote>\t\t\t\t\t\t\t\t<\/div>\n\t\t\t\t<\/div>\n\t\t\t\t<\/div>\n\t\t\t\t<\/div>\n\t\t<div class=\"elementor-element elementor-element-10e96f44 e-con-full e-flex e-con e-parent\" data-id=\"10e96f44\" data-element_type=\"container\" data-e-type=\"container\" data-settings=\"{&quot;background_background&quot;:&quot;classic&quot;}\">\n\t\t<div class=\"elementor-element elementor-element-5727dc28 e-con-full e-flex e-con e-child\" data-id=\"5727dc28\" data-element_type=\"container\" data-e-type=\"container\">\n\t\t\t\t<div class=\"elementor-element elementor-element-1f7bedd8 elementor-widget elementor-widget-heading\" data-id=\"1f7bedd8\" data-element_type=\"widget\" data-e-type=\"widget\" data-widget_type=\"heading.default\">\n\t\t\t\t<div class=\"elementor-widget-container\">\n\t\t\t\t\t<h2 class=\"elementor-heading-title elementor-size-default\">Leistungen im \u00dcberblick<\/h2>\t\t\t\t<\/div>\n\t\t\t\t<\/div>\n\t\t\t\t<div class=\"elementor-element elementor-element-f7028b2 elementor-widget elementor-widget-text-editor\" data-id=\"f7028b2\" data-element_type=\"widget\" data-e-type=\"widget\" data-widget_type=\"text-editor.default\">\n\t\t\t\t<div class=\"elementor-widget-container\">\n\t\t\t\t\t\t\t\t\t<ul><li data-start=\"376\" data-end=\"444\"><p data-start=\"378\" data-end=\"444\"><strong data-start=\"378\" data-end=\"403\">Mac &amp; MacBook Support<\/strong>: <span class=\"relative -mx-px my-[-0.2rem] rounded px-px py-[0.2rem] transition-colors duration-100 ease-in-out\">Fehlerdiagnose, Systemoptimierung, macOS-Updates<\/span><\/p><\/li><li data-start=\"445\" data-end=\"511\"><p data-start=\"447\" data-end=\"511\"><strong data-start=\"447\" data-end=\"470\">iPhone &amp; iPad Hilfe<\/strong>: <span class=\"relative -mx-px my-[-0.2rem] rounded px-px py-[0.2rem] transition-colors duration-100 ease-in-out\">Einrichtung, Synchronisation, iCloud-Probleme<\/span><\/p><\/li><li data-start=\"512\" data-end=\"578\"><p data-start=\"514\" data-end=\"578\"><strong data-start=\"514\" data-end=\"537\">Software-Schulungen<\/strong>: <span class=\"relative -mx-px my-[-0.2rem] rounded px-px py-[0.2rem] transition-colors duration-100 ease-in-out\">Pages, Numbers, Keynote, Mail, Safari, Fotos<\/span><\/p><\/li><li data-start=\"579\" data-end=\"641\"><p data-start=\"581\" data-end=\"641\"><strong data-start=\"581\" data-end=\"600\">Datenmanagement<\/strong>: <span class=\"relative -mx-px my-[-0.2rem] rounded px-px py-[0.2rem] transition-colors duration-100 ease-in-out\">Backup-L\u00f6sungen, Datenrettung, Speicheroptimierung<\/span><\/p><\/li><li data-start=\"642\" data-end=\"704\"><p data-start=\"644\" data-end=\"704\"><strong data-start=\"644\" data-end=\"663\">Netzwerk &amp; WLAN<\/strong>: <span class=\"relative -mx-px my-[-0.2rem] rounded px-px py-[0.2rem] transition-colors duration-100 ease-in-out\">Einrichtung von WLAN, AirPort, Time Capsule<\/span><\/p><\/li><li data-start=\"705\" data-end=\"772\"><p data-start=\"707\" data-end=\"772\"><strong data-start=\"707\" data-end=\"731\">Drucker &amp; Peripherie<\/strong>: <span class=\"relative -mx-px my-[-0.2rem] rounded px-px py-[0.2rem] transition-colors duration-100 ease-in-out\">Installation und Konfiguration von Druckern und Scannern<\/span><\/p><\/li><li data-start=\"773\" data-end=\"878\"><p data-start=\"775\" data-end=\"878\"><strong data-start=\"775\" data-end=\"798\">Sicherheitsberatung<\/strong>: <span class=\"relative -mx-px my-[-0.2rem] rounded px-px py-[0.2rem] transition-colors duration-100 ease-in-out\">Virenschutz, Firewall-Einstellungen, Kindersicherung<\/span><\/p><\/li><\/ul>\t\t\t\t\t\t\t\t<\/div>\n\t\t\t\t<\/div>\n\t\t\t\t<div class=\"elementor-element elementor-element-1dbad8f0 elementor-align-center elementor-tablet-align-center elementor-widget elementor-widget-button\" data-id=\"1dbad8f0\" data-element_type=\"widget\" data-e-type=\"widget\" data-widget_type=\"button.default\">\n\t\t\t\t<div class=\"elementor-widget-container\">\n\t\t\t\t\t\t\t\t\t<div class=\"elementor-button-wrapper\">\n\t\t\t\t\t<a class=\"elementor-button elementor-button-link elementor-size-sm elementor-animation-grow\" href=\"https:\/\/www.itsupport-mit-herz.ch\/kontakt\">\n\t\t\t\t\t\t<span class=\"elementor-button-content-wrapper\">\n\t\t\t\t\t\t\t\t\t<span class=\"elementor-button-text\">Kontakt<\/span>\n\t\t\t\t\t<\/span>\n\t\t\t\t\t<\/a>\n\t\t\t\t<\/div>\n\t\t\t\t\t\t\t\t<\/div>\n\t\t\t\t<\/div>\n\t\t\t\t<\/div>\n\t\t\t\t<div class=\"elementor-element elementor-element-3d7eb71c elementor-widget__width-initial elementor-widget-tablet__width-inherit elementor-widget elementor-widget-image\" data-id=\"3d7eb71c\" data-element_type=\"widget\" data-e-type=\"widget\" data-widget_type=\"image.default\">\n\t\t\t\t<div class=\"elementor-widget-container\">\n\t\t\t\t\t\t\t\t\t\t\t\t\t\t\t<img decoding=\"async\" width=\"683\" height=\"1024\" src=\"https:\/\/mac-hilfe-basel.ch\/wp-content\/uploads\/2025\/05\/mac_hilfe_icons.webp\" class=\"attachment-large size-large wp-image-107\" alt=\"Mac Support Icons\" srcset=\"https:\/\/mac-hilfe-basel.ch\/wp-content\/uploads\/2025\/05\/mac_hilfe_icons.webp 1024w, https:\/\/mac-hilfe-basel.ch\/wp-content\/uploads\/2025\/05\/mac_hilfe_icons-200x300.webp 200w\" sizes=\"(max-width: 683px) 100vw, 683px\" \/>\t\t\t\t\t\t\t\t\t\t\t\t\t\t\t<\/div>\n\t\t\t\t<\/div>\n\t\t\t\t<\/div>\n\t\t<div class=\"elementor-element elementor-element-8061ac8 e-flex e-con-boxed e-con e-parent\" data-id=\"8061ac8\" data-element_type=\"container\" data-e-type=\"container\" data-settings=\"{&quot;background_background&quot;:&quot;gradient&quot;}\">\n\t\t\t\t\t<div class=\"e-con-inner\">\n\t\t\t\t<div class=\"elementor-element elementor-element-36152de elementor-widget elementor-widget-text-editor\" data-id=\"36152de\" data-element_type=\"widget\" data-e-type=\"widget\" data-widget_type=\"text-editor.default\">\n\t\t\t\t<div class=\"elementor-widget-container\">\n\t\t\t\t\t\t\t\t\t<h2 class=\"\" data-start=\"1879\" data-end=\"1953\">F\u00fcr Basel und Umgebung<\/h2>\n<p class=\"\" data-start=\"1955\" data-end=\"2243\">Ich bin in der ganzen Region Basel unterwegs: Riehen, Binningen, Bottmingen, Oberwil, Allschwil, Reinach, Muttenz und nat\u00fcrlich auch in den gut erschlossenen Stadtquartieren wie Bruderholz, Gellert, St. Alban, Bachletten, Wettstein oder Hirzbrunnen.<\/p>\t\t\t\t\t\t\t\t<\/div>\n\t\t\t\t<\/div>\n\t\t\t\t\t<\/div>\n\t\t\t\t<\/div>\n\t\t\t\t<\/div>\n\t\t","protected":false},"excerpt":{"rendered":"<p>Mac Hilfe Basel Pers\u00f6nlich. Verst\u00e4ndlich. L\u00f6sungsorientiert. Ob iMac, MacBook, iPhone oder iPad \u2013 ich unterst\u00fctze dich bei allen Fragen rund um deine Apple-Ger\u00e4te. Als erfahrener Apple-Supporter in Basel biete ich individuelle Hilfe f\u00fcr Privatpersonen, Selbstst\u00e4ndige und kleine Unternehmen. Mehr Infos Hallo Mein Name ist Silvio Ich bin leidenschaftlicher Apple-Nutzer mit einem Herz f\u00fcr Technik und [&hellip;]<\/p>\n","protected":false},"author":1,"featured_media":46,"parent":0,"menu_order":0,"comment_status":"closed","ping_status":"closed","template":"elementor_header_footer","meta":{"footnotes":""},"class_list":["post-42","page","type-page","status-publish","has-post-thumbnail","hentry"],"yoast_head":"<!-- This site is optimized with the Yoast SEO plugin v27.4 - https:\/\/yoast.com\/product\/yoast-seo-wordpress\/ -->\n<title>Home - Mac Hilfe Basel<\/title>\n<meta name=\"robots\" content=\"index, follow, max-snippet:-1, max-image-preview:large, max-video-preview:-1\" \/>\n<link rel=\"canonical\" href=\"https:\/\/mac-hilfe-basel.ch\/\" \/>\n<meta property=\"og:locale\" content=\"de_DE\" \/>\n<meta property=\"og:type\" content=\"article\" \/>\n<meta property=\"og:title\" content=\"Home - Mac Hilfe Basel\" \/>\n<meta property=\"og:description\" content=\"Mac Hilfe Basel Pers\u00f6nlich. Verst\u00e4ndlich. L\u00f6sungsorientiert. Ob iMac, MacBook, iPhone oder iPad \u2013 ich unterst\u00fctze dich bei allen Fragen rund um deine Apple-Ger\u00e4te. Als erfahrener Apple-Supporter in Basel biete ich individuelle Hilfe f\u00fcr Privatpersonen, Selbstst\u00e4ndige und kleine Unternehmen. Mehr Infos Hallo Mein Name ist Silvio Ich bin leidenschaftlicher Apple-Nutzer mit einem Herz f\u00fcr Technik und [&hellip;]\" \/>\n<meta property=\"og:url\" content=\"https:\/\/mac-hilfe-basel.ch\/\" \/>\n<meta property=\"og:site_name\" content=\"Mac Hilfe Basel\" \/>\n<meta property=\"article:modified_time\" content=\"2025-06-08T09:57:14+00:00\" \/>\n<meta property=\"og:image\" content=\"https:\/\/mac-hilfe-basel.ch\/wp-content\/uploads\/2025\/05\/Homepage-400_380.jpg\" \/>\n\t<meta property=\"og:image:width\" content=\"400\" \/>\n\t<meta property=\"og:image:height\" content=\"380\" \/>\n\t<meta property=\"og:image:type\" content=\"image\/jpeg\" \/>\n<meta name=\"twitter:card\" content=\"summary_large_image\" \/>\n<meta name=\"twitter:label1\" content=\"Gesch\u00e4tzte Lesezeit\" \/>\n\t<meta name=\"twitter:data1\" content=\"2\u00a0Minuten\" \/>\n<script type=\"application\/ld+json\" class=\"yoast-schema-graph\">{\"@context\":\"https:\\\/\\\/schema.org\",\"@graph\":[{\"@type\":\"WebPage\",\"@id\":\"https:\\\/\\\/mac-hilfe-basel.ch\\\/\",\"url\":\"https:\\\/\\\/mac-hilfe-basel.ch\\\/\",\"name\":\"Home - Mac Hilfe Basel\",\"isPartOf\":{\"@id\":\"https:\\\/\\\/mac-hilfe-basel.ch\\\/#website\"},\"primaryImageOfPage\":{\"@id\":\"https:\\\/\\\/mac-hilfe-basel.ch\\\/#primaryimage\"},\"image\":{\"@id\":\"https:\\\/\\\/mac-hilfe-basel.ch\\\/#primaryimage\"},\"thumbnailUrl\":\"https:\\\/\\\/mac-hilfe-basel.ch\\\/wp-content\\\/uploads\\\/2025\\\/05\\\/Homepage-400_380.jpg\",\"datePublished\":\"2025-05-22T15:03:26+00:00\",\"dateModified\":\"2025-06-08T09:57:14+00:00\",\"breadcrumb\":{\"@id\":\"https:\\\/\\\/mac-hilfe-basel.ch\\\/#breadcrumb\"},\"inLanguage\":\"de-CH\",\"potentialAction\":[{\"@type\":\"ReadAction\",\"target\":[\"https:\\\/\\\/mac-hilfe-basel.ch\\\/\"]}]},{\"@type\":\"ImageObject\",\"inLanguage\":\"de-CH\",\"@id\":\"https:\\\/\\\/mac-hilfe-basel.ch\\\/#primaryimage\",\"url\":\"https:\\\/\\\/mac-hilfe-basel.ch\\\/wp-content\\\/uploads\\\/2025\\\/05\\\/Homepage-400_380.jpg\",\"contentUrl\":\"https:\\\/\\\/mac-hilfe-basel.ch\\\/wp-content\\\/uploads\\\/2025\\\/05\\\/Homepage-400_380.jpg\",\"width\":400,\"height\":380},{\"@type\":\"BreadcrumbList\",\"@id\":\"https:\\\/\\\/mac-hilfe-basel.ch\\\/#breadcrumb\",\"itemListElement\":[{\"@type\":\"ListItem\",\"position\":1,\"name\":\"Startseite\",\"item\":\"https:\\\/\\\/mac-hilfe-basel.ch\\\/\"},{\"@type\":\"ListItem\",\"position\":2,\"name\":\"Home\"}]},{\"@type\":\"WebSite\",\"@id\":\"https:\\\/\\\/mac-hilfe-basel.ch\\\/#website\",\"url\":\"https:\\\/\\\/mac-hilfe-basel.ch\\\/\",\"name\":\"Mac Hilfe Basel\",\"description\":\"\",\"publisher\":{\"@id\":\"https:\\\/\\\/mac-hilfe-basel.ch\\\/#organization\"},\"potentialAction\":[{\"@type\":\"SearchAction\",\"target\":{\"@type\":\"EntryPoint\",\"urlTemplate\":\"https:\\\/\\\/mac-hilfe-basel.ch\\\/?s={search_term_string}\"},\"query-input\":{\"@type\":\"PropertyValueSpecification\",\"valueRequired\":true,\"valueName\":\"search_term_string\"}}],\"inLanguage\":\"de-CH\"},{\"@type\":\"Organization\",\"@id\":\"https:\\\/\\\/mac-hilfe-basel.ch\\\/#organization\",\"name\":\"Mac Hilfe Basel\",\"url\":\"https:\\\/\\\/mac-hilfe-basel.ch\\\/\",\"logo\":{\"@type\":\"ImageObject\",\"inLanguage\":\"de-CH\",\"@id\":\"https:\\\/\\\/mac-hilfe-basel.ch\\\/#\\\/schema\\\/logo\\\/image\\\/\",\"url\":\"https:\\\/\\\/mac-hilfe-basel.ch\\\/wp-content\\\/uploads\\\/2025\\\/05\\\/cropped-Happy_Mac.png\",\"contentUrl\":\"https:\\\/\\\/mac-hilfe-basel.ch\\\/wp-content\\\/uploads\\\/2025\\\/05\\\/cropped-Happy_Mac.png\",\"width\":639,\"height\":828,\"caption\":\"Mac Hilfe Basel\"},\"image\":{\"@id\":\"https:\\\/\\\/mac-hilfe-basel.ch\\\/#\\\/schema\\\/logo\\\/image\\\/\"}}]}<\/script>\n<!-- \/ Yoast SEO plugin. -->","yoast_head_json":{"title":"Home - Mac Hilfe Basel","robots":{"index":"index","follow":"follow","max-snippet":"max-snippet:-1","max-image-preview":"max-image-preview:large","max-video-preview":"max-video-preview:-1"},"canonical":"https:\/\/mac-hilfe-basel.ch\/","og_locale":"de_DE","og_type":"article","og_title":"Home - Mac Hilfe Basel","og_description":"Mac Hilfe Basel Pers\u00f6nlich. Verst\u00e4ndlich. L\u00f6sungsorientiert. Ob iMac, MacBook, iPhone oder iPad \u2013 ich unterst\u00fctze dich bei allen Fragen rund um deine Apple-Ger\u00e4te. Als erfahrener Apple-Supporter in Basel biete ich individuelle Hilfe f\u00fcr Privatpersonen, Selbstst\u00e4ndige und kleine Unternehmen. Mehr Infos Hallo Mein Name ist Silvio Ich bin leidenschaftlicher Apple-Nutzer mit einem Herz f\u00fcr Technik und [&hellip;]","og_url":"https:\/\/mac-hilfe-basel.ch\/","og_site_name":"Mac Hilfe Basel","article_modified_time":"2025-06-08T09:57:14+00:00","og_image":[{"width":400,"height":380,"url":"https:\/\/mac-hilfe-basel.ch\/wp-content\/uploads\/2025\/05\/Homepage-400_380.jpg","type":"image\/jpeg"}],"twitter_card":"summary_large_image","twitter_misc":{"Gesch\u00e4tzte Lesezeit":"2\u00a0Minuten"},"schema":{"@context":"https:\/\/schema.org","@graph":[{"@type":"WebPage","@id":"https:\/\/mac-hilfe-basel.ch\/","url":"https:\/\/mac-hilfe-basel.ch\/","name":"Home - Mac Hilfe Basel","isPartOf":{"@id":"https:\/\/mac-hilfe-basel.ch\/#website"},"primaryImageOfPage":{"@id":"https:\/\/mac-hilfe-basel.ch\/#primaryimage"},"image":{"@id":"https:\/\/mac-hilfe-basel.ch\/#primaryimage"},"thumbnailUrl":"https:\/\/mac-hilfe-basel.ch\/wp-content\/uploads\/2025\/05\/Homepage-400_380.jpg","datePublished":"2025-05-22T15:03:26+00:00","dateModified":"2025-06-08T09:57:14+00:00","breadcrumb":{"@id":"https:\/\/mac-hilfe-basel.ch\/#breadcrumb"},"inLanguage":"de-CH","potentialAction":[{"@type":"ReadAction","target":["https:\/\/mac-hilfe-basel.ch\/"]}]},{"@type":"ImageObject","inLanguage":"de-CH","@id":"https:\/\/mac-hilfe-basel.ch\/#primaryimage","url":"https:\/\/mac-hilfe-basel.ch\/wp-content\/uploads\/2025\/05\/Homepage-400_380.jpg","contentUrl":"https:\/\/mac-hilfe-basel.ch\/wp-content\/uploads\/2025\/05\/Homepage-400_380.jpg","width":400,"height":380},{"@type":"BreadcrumbList","@id":"https:\/\/mac-hilfe-basel.ch\/#breadcrumb","itemListElement":[{"@type":"ListItem","position":1,"name":"Startseite","item":"https:\/\/mac-hilfe-basel.ch\/"},{"@type":"ListItem","position":2,"name":"Home"}]},{"@type":"WebSite","@id":"https:\/\/mac-hilfe-basel.ch\/#website","url":"https:\/\/mac-hilfe-basel.ch\/","name":"Mac Hilfe Basel","description":"","publisher":{"@id":"https:\/\/mac-hilfe-basel.ch\/#organization"},"potentialAction":[{"@type":"SearchAction","target":{"@type":"EntryPoint","urlTemplate":"https:\/\/mac-hilfe-basel.ch\/?s={search_term_string}"},"query-input":{"@type":"PropertyValueSpecification","valueRequired":true,"valueName":"search_term_string"}}],"inLanguage":"de-CH"},{"@type":"Organization","@id":"https:\/\/mac-hilfe-basel.ch\/#organization","name":"Mac Hilfe Basel","url":"https:\/\/mac-hilfe-basel.ch\/","logo":{"@type":"ImageObject","inLanguage":"de-CH","@id":"https:\/\/mac-hilfe-basel.ch\/#\/schema\/logo\/image\/","url":"https:\/\/mac-hilfe-basel.ch\/wp-content\/uploads\/2025\/05\/cropped-Happy_Mac.png","contentUrl":"https:\/\/mac-hilfe-basel.ch\/wp-content\/uploads\/2025\/05\/cropped-Happy_Mac.png","width":639,"height":828,"caption":"Mac Hilfe Basel"},"image":{"@id":"https:\/\/mac-hilfe-basel.ch\/#\/schema\/logo\/image\/"}}]}},"_links":{"self":[{"href":"https:\/\/mac-hilfe-basel.ch\/index.php?rest_route=\/wp\/v2\/pages\/42","targetHints":{"allow":["GET"]}}],"collection":[{"href":"https:\/\/mac-hilfe-basel.ch\/index.php?rest_route=\/wp\/v2\/pages"}],"about":[{"href":"https:\/\/mac-hilfe-basel.ch\/index.php?rest_route=\/wp\/v2\/types\/page"}],"author":[{"embeddable":true,"href":"https:\/\/mac-hilfe-basel.ch\/index.php?rest_route=\/wp\/v2\/users\/1"}],"replies":[{"embeddable":true,"href":"https:\/\/mac-hilfe-basel.ch\/index.php?rest_route=%2Fwp%2Fv2%2Fcomments&post=42"}],"version-history":[{"count":156,"href":"https:\/\/mac-hilfe-basel.ch\/index.php?rest_route=\/wp\/v2\/pages\/42\/revisions"}],"predecessor-version":[{"id":301,"href":"https:\/\/mac-hilfe-basel.ch\/index.php?rest_route=\/wp\/v2\/pages\/42\/revisions\/301"}],"wp:featuredmedia":[{"embeddable":true,"href":"https:\/\/mac-hilfe-basel.ch\/index.php?rest_route=\/wp\/v2\/media\/46"}],"wp:attachment":[{"href":"https:\/\/mac-hilfe-basel.ch\/index.php?rest_route=%2Fwp%2Fv2%2Fmedia&parent=42"}],"curies":[{"name":"wp","href":"https:\/\/api.w.org\/{rel}","templated":true}]}}